 factors of p?
607
Let r(h) = -h**2 - 77*h + 53. What are the prime factors of r(-60)?
29, 37
Suppose -11*m - 18265 = -24*m. What are the prime factors of m?
5, 281
Let n(z) be the first derivative of -2*z + 1/4*z**4 + 7/3*z**3 - 4 + 3/2*z**2. List the prime factors of n(-6).
2
Suppose 3*b - 17 = -5*k + 1, 0 = -5*b + k + 2. Let q = 10 - b. What are the prime factors of q?
3
List the prime factors of ((-192)/(-144))/((-3)/((-378)/8)).
3, 7
Suppose -4*y - 4*m = 1 - 25, m = 3. List the prime factors of y*14 + -4 + 0 + 4.
2, 3, 7
Suppose -5*f = 5*q - 7175, -7*f + 4*f = 2*q - 2870. List the prime factors of q.
5, 7, 41
Suppose 460 = 43*j - 39*j. Let g = -55 + j. List the prime factors of g.
2, 3, 5
Let x(k) = 108*k + 2 + 17*k - 31*k + 27*k. What are the prime factors of x(2)?
2, 61
Let f = 48 + -44. Suppose -j - 537 = -f*j. What are the prime factors of j?
179
Suppose -k - 4 = -3*q - 1, 0 = 4*k - 12. Suppose q*z + 12 = j, 13 + 7 = 5*z. List the prime factors of j.
2, 5
Let v = -15 - -17. Suppose 2*o = -v*o - 4*s + 112, 0 = 4*o - 2*s - 124. What are the prime factors of o?
2, 3, 5
Let y = -6447 - -9374. What are the prime factors of y?
2927
Let y(g) be the first derivative of 7*g**2/2 + g - 3. Let d be y(-2). Let w = 6 - d. What are the prime factors of w?
19
Suppose 5*p - 2*j - 736 = -3*j, -3*j = p - 150. List the prime factors of p.
3, 7
Suppose -5*j + 9443 = -2*g, 5669 = 4*j - j + 2*g. What are the prime factors of j?
1889
Let r be (-57)/(-12) + 2/8. Let p = -179 - -222. Suppose c - 2*s = 3*s + p, r*c + 2*s = 188. List the prime factors of c.
2, 19
Let b(n) be the first derivative of n**6/180 - n**5/30 - n**3/3 + 3. Let q(a) be the third derivative of b(a). What are the prime factors of q(5)?
2, 3, 5
Let c(y) = -3*y + 95*y**2 + y + 3 - 32*y**2 + 6*y. List the prime factors of c(-1).
2, 31
Let n(a) be the second derivative of -a**3 - 5*a**2/2 - 10*a. List the prime factors of n(-19).
109
List the prime factors of 3236/6*3 + (6 - 3).
1621
Let b be 1 - 1/1*-276. Suppose 3*z = 2*s - b, s + 5*z - 126 = 19. What are the prime factors of ((-6)/10)/((-4)/s)?
3, 7
Let l = -509 + 897. List the prime factors of l.
2, 97
Let v(g) = 2*g. Let z be v(4). Suppose z = -4*w, 4*w = 2*d - w - 224. List the prime factors of d.
107
Let z = -6 - -6. Suppose 0 = -3*f + f + 6. Suppose 0 = -f*p - z*p + 99. List the prime factors of p.
3, 11
Let r(h) = -h + 8. Let w be r(3). Let c = 14 + w. List the prime factors of c.
19
Suppose 0 = -8*j + 32 + 176. What are the prime factors of 42/5 + j/(-65)?
2
Suppose -5*y = -2*x + 8225, 2*y - 9 = -15. What are the prime factors of x?
5, 821
Suppose 10*v - 5*v - 10 = 0. Suppose -5*i = 20, -5*i = -5*j - v*i + 67. Let m(d) = 2*d - 11. List the prime factors of m(j).
11
Suppose -8*o + 7*o + 3*q + 4342 = 0, 2*o - 8693 = -3*q. What are the prime factors of o?
5, 11, 79
Let j = 14 - 18. Let g be -1*j/(-4) + 3. Suppose 0 = 2*b - 6, -3*b + 43 = 2*i + g*b. What are the prime factors of i?
2, 7
Suppose 21 = 4*r + w, 2*w = 2*r + 3*r - 23. Suppose -r = l, -u - 5*l + 50 = 4*u. Suppose -4*g + 9 = -u. List the prime factors of g.
2, 3
Suppose 0 = 4*k + 6574 - 16014. What are the prime factors of k/24 + (-4)/(-6)?
3, 11
Let z(d) = -d**3 + 30*d**2 - 54*d - 35. Let f be z(28). What are the prime factors of (f/(-5))/((-12)/660)?
3, 7, 11
Suppose 3*v - 66 - 10 = -5*i, i + 29 = 2*v. Suppose -v + 5 = -4*u. Suppose u*j - 3 = 3, 3*h - 84 = 3*j. List the prime factors of h.
2, 3, 5
Let j(n) = -2*n + 1. Let m be j(-1). What are the prime factors of (-1 - 155)*(-1)/m?
2, 13
Let i be ((-3)/(-3))/(1/(0 - -4)). Suppose -s - i*v + 118 = 0, 5*s + 4*v - 590 = 6*v. What are the prime factors of s?
2, 59
Suppose 0 = -4*k - 5*h + 12012, 445*k - 447*k + 5996 = 5*h. What are the prime factors of k?
2, 47
Suppose -3*g + 317 = 3*r - 49, -2*r - 107 = -g. Let l = -39 + g. What are the prime factors of l?
2, 3, 13
Suppose -490*v + 494*v - 3532 = 0. What are the prime factors of v?
883
Let r = 1660 + 1989. What are the prime factors of r?
41, 89
Let r(b) = -b**3 - 12*b**2 + 28*b - 1. Let f be r(-14). Let a(x) = -28*x**3 - x - 1. Let c be a(-1). List the prime factors of f + (-3)/(-3) + c.
2, 7
Let m(k) = 2*k + 5. Let x be (-46)/(-10) + (-4)/(-10). Suppose -3*t - 2 = x*b, 5*b - 1 = -4*t + 3. What are the prime factors of m(t)?
17
Let g(j) = 0*j - 11 + 2*j + 1. Let b be g(6). What are the prime factors of 3/b*(-310)/(-15)?
31
Suppose 9*n + 1532 = 12*n - 4*g, 2542 = 5*n - g. List the prime factors of n.
2, 127
Let i be (5/(-3))/5*-12. Suppose i*v - 364 = -0*v. Suppose -v = -3*a + 17. List the prime factors of a.
2, 3
Let g be (-3 - -3 - -3)*3*5. Suppose i + 4*x - g = 0, x = 5*i - 3*x - 153. What are the prime factors of i?
3, 11
Suppose -3*z + 3*b + 27 = 0, -4*b + 9 = 5*z - 0*z. Suppose z*d = 2*d + 423. What are the prime factors of d?
3, 47
Let j(t) = 166*t**2 + 4*t + 2. What are the prime factors of j(2)?
2, 337
Suppose -o = 3*s - 14, -3*o - s + 56 = o. List the prime factors of o + (-5)/((-20)/(-16)).
2, 5
Suppose -40 - 47 = -u + 3*g, -3*g - 303 = -4*u. List the prime factors of u.
2, 3
Let i = -1427 + 2131. List the prime factors of i.
2, 11
Let b(h) be the second derivative of h**5/20 + 5*h**4/6 + 2*h**3/3 + 3*h**2 + h. Let z = 19 - 28. What are the prime factors of b(z)?
3, 17
Suppose -143 = -5*u + 302. List the prime factors of u.
89
Let v be 2*(8/(-6))/(3/(-81)). Let z = v - 35. What are the prime factors of z?
37
Let u(k) = 7*k - 7. Let t be u(2). What are the prime factors of (-5 + t)*(-1 + 3)?
2
Let m be 5*(-5 + 7 - 12/10). Suppose 0 = -m*o + o + 177. What are the prime factors of o?
59
Suppose -x = 2*y - 3949, 5*y - 9065 = 4*x + 840. List the prime factors of y.
3, 659
Suppose 4*g = -29 + 5. Let r(k) = k**2 + 3*k + 7. List the prime factors of r(g).
5
Suppose 2*v - 111 = 1815. List the prime factors of v.
3, 107
Let l(r) = -r**3 + 13*r**2 + 6*r - 12. Let m be l(13). Suppose 18 = n - f, 4*n - f - m = -0*f. What are the prime factors of n?
2
Let t = 638 + -191. Suppose 0 = 4*c, -x - 3*c = 2*x - t. List the prime factors of x.
149
Let g = 3273 + -16. What are the prime factors of g?
3257
Let m = 15 - 16. Let b(n) = 194*n**2 + 3*n + 2. List the prime factors of b(m).
193
Suppose 5*y + 34 = -k - 25, -4*y = 3*k + 56. Let w(i) = 39*i**3 - 2*i - 2. Let v be w(-1). Let j = y - v. What are the prime factors of j?
2, 7
Suppose -35 = -10*h + 5*h. Let q(j) = -4*j + j + 7*j + h*j**2 + 3 - j**3 + 2*j**3. What are the prime factors of q(-6)?
3, 5
Let n(m) = 5*m - 5. Let p be n(6). Let y = p - 19. Let o = 23 + y. What are the prime factors of o?
29
Suppose -m + 1172 = 3*h - 5*m, 4*h = -2*m + 1526. List the prime factors of h.
2, 3
Let r(a) = 8*a + 142. What are the prime factors of r(34)?
2, 3, 23
Let x(f) = 2*f + 26. Let t = 3 + -3. Let l be x(t). Let d = -14 + l. What are the prime factors of d?
2, 3
Suppose 5*k - 2693 = 2022. List the prime factors of k.
23, 41
Suppose -v - 10 = 4*y, -3*y = -3*v - 2*y - 17. What are the prime factors of ((-4)/v)/((-6)/(-1233))?
137
Suppose 2*y - 4*l = 102, -2*y - 5*l = 11 - 113. Let b = y + 18. Suppose 5*s - b = 46. What are the prime factors of s?
23
Let t(r) = -5*r - 4. Suppose i - 16 = -3*i, h + 14 = i. List the prime factors of t(h).
2, 23
Let w(r) = r**2 + 4*r + 20. Let p(n) = n + 4. Suppose c + 1 = 3*d, -4*c + 0*d = -3*d - 5. Let y(t) = c*w(t) - 11*p(t). What are the prime factors of y(-2)?
2, 5
Let u(k) = -k**3 + 9*k**2 - 7*k - 3. Let r be u(8). Suppose r*m = -3*c + 57, 0*c - 2*m - 78 = -3*c. Let v = c - 13. List the prime factors of v.
11
Let s = -10 + 28. Suppose -3*i = -5*i - s. What are the prime factors of i/2*8/(-3)?
2, 3
Suppose 2*s - 46 = -3*u - 321, 0 = -4*s - 4. Let b = u - -151. List the prime factors of b.
2, 3, 5
Suppose -1826 = -8*n + 630. Suppose 5*t - 10 + 30 = 0, -b - t = -n. List the prime factors of b.
311
Suppose 5*z + 38 = p + 3*p, 2*p + 5*z - 34 = 0. Suppose 145 = 2*i + n, 5*n + p = -3. What are the prime factors of i?
2, 37
Let n(i) = -1882*i + 2. What are the prime factors of n(-1)?
2, 3, 157
Let j be 745/(-9) - (-20)/(-90). Let k = 27 - j. What are the prime factors of k?
2, 5, 11
Let h(t) = t**2 + 6*t - 4. Let o = -18 + 11. Let g be h(o). Suppose 0 = v + g*v - 96. What are the prime factors of v?
2, 3
List the pr